*g + 672, 0 = 3*g - 4*g. Let r = -285 - -165. Let h = r + b. What is the tens digit of h?
4
Let w = 11 - 6. Suppose -w*l = -71 - 164. Let b = l - 24. What is the tens digit of b?
2
Let f(q) = -12*q + 69. Let u be f(-23). Let s = u - 195. What is the units digit of s?
0
Suppose 0 = 19*w + 7*w - 14196. What is the hundreds digit of w?
5
What is the units digit of 425/5*(-7)/(-2)*2?
5
Let d(k) = k**3 - 6*k**2 + 8*k - 47. What is the tens digit of d(8)?
4
Let f(j) = 5*j**2 + 4*j - 90. What is the units digit of f(-10)?
0
Let c(n) be the second derivative of -3*n**3/2 - 8*n**2 - 4*n. Let m be c(-12). Let z = m - 55. What is the tens digit of z?
3
Let c be (1/3)/((-12)/(-36)). What is the tens digit of 173 - -6 - (1 + -1)*c?
7
Suppose r = -46 + 68. What is the tens digit of r?
2
Let w = -31 - -20. Let m be -6*(1 - 8/2). Let t = w + m. What is the units digit of t?
7
Let p = 20 - 17. Let d(y) = -3*y + y**3 + 28 - p*y**2 - 26 - 2*y**3. What is the tens digit of d(-4)?
3
Let u = -198 + 358. Let o = u - 98. What is the tens digit of o?
6
Suppose 4*j + 3*v - 2093 = 2*v, -v - 1045 = -2*j. What is the units digit of j?
3
Let i(x) = 4*x**2 + 2*x - 6*x**2 + 3*x**2 - 7. Let j be i(-4). Let m(v) = 34*v + 2. What is the units digit of m(j)?
6
Let u(g) = -g**3 + 6*g**2 - 5. Let s be 2*(1 + (-3)/(-6)). Suppose 0 = 6*j - s*j - 15. What is the units digit of u(j)?
0
Suppose 0 = 4*v - 0*j - j + 72, -79 = 5*v - 4*j. What is the tens digit of v/(((-1)/(-1))/(-4))?
7
Let p(m) be the second derivative of m**5/40 - 5*m**4/24 - m**3/3 - 8*m. Let b(d) be the second derivative of p(d). What is the units digit of b(9)?
2
Suppose 143*m - 153*m + 90 = 0. What is the units digit of m?
9
Let c = -14 - -15. Suppose 3*z = 4*o - 16 + 3, -2*z - 10 = -3*o. Let s = c + z. What is the units digit of s?
2
Let f = 594 - 218. Suppose -i + 5*i - f = 0. Let l = i - 66. What is the units digit of l?
8
Let a = 13 - 10. Suppose -a*m + 5*j - 101 = -7*m, m = -5*j + 29. Suppose -4*f = -0*f - m. What is the units digit of f?
6
Let b be (18/8)/((-3)/8). What is the units digit of 5/((-2)/b*1)?
5
Let r = -40 + 14. Let g = 32 + r. What is the units digit of 75/10*8/g?
0
Let j be (-153)/21 - (-4)/14. Let g(i) = i**2 + 7*i + 9. Let d be g(j). Let u(w) = 2*w + 17. What is the units digit of u(d)?
5
Suppose 2*b + 4*r - 8819 = 9*r, 4*b = 4*r + 17668. What is the hundreds digit of b?
4
Suppose -5*d - 16 = 29. Let g = -7 - d. What is the units digit of (72*1)/g + -2?
4
Suppose -3*d - 105 = -0*d. Let v = d + 53. Let b(p) = 2*p - 8. What is the tens digit of b(v)?
2
Let x(d) = -2*d**3 - 19*d**2 + 25*d - 1. What is the hundreds digit of x(-15)?
0
Suppose 5*a - 3132 - 4683 = -4*f, 0 = f + 5. What is the tens digit of a?
6
Let b(x) = -5*x**3 + 8*x**2 - 1. Let t(s) = 4*s**3 - 8*s**2 - s. Let i(g) = -3*b(g) - 4*t(g). What is the tens digit of i(8)?
3
Suppose 95*v + 210 = 98*v. What is the units digit of v?
0
Let w(q) = 9*q + 25. Let x(l) = -l**2 - 4*l + 14. Let a be x(-5). What is the hundreds digit of w(a)?
1
Suppose -5*x + 15 = 4*j, 4*x = 3*j + 3 + 9. Suppose -2*u + 2*p - 8 = j, -6 = 4*u - 4*p + 2*p. What is the units digit of u?
1
Suppose -q + 3 - 12 = 0. Let b = 17 - q. What is the units digit of 932/b + (-4)/(-26)?
6
Let q = -6 + 6. Let k be 21/7 + (2 - q). Suppose 4*n - k*n = i - 18, 39 = 2*n - i. What is the tens digit of n?
1
Let t(g) = g - 1. Let z be t(7). Let h(j) = -j**3 - 3*j**2 + 2*j - 10. Let c be h(-4). What is the units digit of c/(z/(-9)) - -17?
0
Let x = -93 + 36. Let f = 223 + x. What is the hundreds digit of f?
1
Suppose 5*m - 2*i - 13 = 0, 5*i + 5 = 3*m + i. Suppose 0*f - m*f + 3 = 0. What is the units digit of -1*(f - (-24)/(-4))?
5
Let f = -108 - -2232. What is the units digit of f?
4
Let q(u) = -u**3 - 11*u**2 + 11*u + 36. What is the units digit of q(-14)?
0
Let q(w) = w**3 - 12*w**2 + 14*w - 35. Let v be q(11). What is the tens digit of (-2)/1*65/v?
6
Let s be 6/(-33) + 46/11. Suppose 2*a + s = 4*a. Suppose k - a*d = 44, 5*k - 113 = -d + 107. What is the tens digit of k?
4
Let x = -1412 - -1456. What is the units digit of x?
4
Let b be (-1)/5 - (-14)/(-5). Let d(s) = 3*s**2 - 3*s + 4. What is the units digit of d(b)?
0
Suppose -27*j + 26*j + 4*o + 2353 = 0, -2357 = -j + 5*o. What is the units digit of j?
7
Suppose -7*p + 1043 - 28 = 0. Suppose 460 + p = 5*q. What is the hundreds digit of q?
1
Suppose 17 = 4*u - 3*x - 1, 4*u = -2*x + 28. Let a = u + 3. What is the units digit of a?
9
Let a(b) = 74*b**2 - 7*b - 16. What is the hundreds digit of a(-6)?
6
Let r be 2/(3 + 1)*66. Let l = -24 + r. What is the units digit of l?
9
What is the units digit of (5/(-3))/((-30)/20880)?
0
Let b(y) = y**2 + 2*y - 20. Let o be b(-6). Suppose -o*j - 5*r = -113, -4*j = -3*j - r - 26. What is the units digit of j?
7
Let y be 8/(-28) + 32/14. Let c be -4 + y + (-28)/(-4). Suppose c*m - 130 = 5*v, 5*m - 32 = 4*m + 4*v. What is the tens digit of m?
2
Let w(f) = -f - 3. Let y be 290/(-35) - 4/(-14). Let p be w(y). Suppose -2*l - l = -4*c - 153, 109 = 2*l - p*c. What is the tens digit of l?
4
Let y(u) = 54*u**2 - 51*u - 12. What is the hundreds digit of y(-5)?
5
Let w(z) = 2*z**3 + 3*z**2 - 2*z - 9. What is the units digit of w(5)?
6
Let u be 14 - (2/2 - 3). Suppose -5*z + u = -z. What is the units digit of z - 4/((-4)/3)?
7
Let x be ((-6)/8)/(((-7)/20)/7). Let a(k) = -k**2 + 16*k + 23. What is the units digit of a(x)?
8
Let r(v) = 128*v + 17. What is the units digit of r(6)?
5
Suppose -5*k + 9*k = -5*g + 10739, 4*k - 5*g = 10709. What is the units digit of k?
1
Let a(o) = 23*o. Suppose v - 4*v = -4*t + 11, 5*t = 3*v + 16. Let f be a(v). Suppose -3*u + f = -0*u. What is the tens digit of u?
2
Suppose 4*h - 26 = 5*a, -4*a = 3*h - 1 - 3. Suppose 4 = 2*t - 4, 0 = -h*r + 4*t + 740. What is the hundreds digit of r?
1
Let i be 76/28 + 6/21. Suppose 2*o - i*f = 5, 9*o - 4*o + 3*f - 44 = 0. What is the units digit of o?
7
Suppose 2900 = 5*n + 5*h, -h + 3*h + 4 = 0. What is the tens digit of n?
8
Suppose -i = 2*y - 1503, -20*i + 25*i = 4*y - 2985. What is the units digit of y?
0
Let z be 1/(-3) - 128/12. Let k = -11 - z. Suppose 0 = -k*u + u - 30. What is the units digit of u?
0
Let j(v) = -v**2 - 17*v - 41. Let w be j(-9). Suppose b - 2*z - 76 = w, b - 127 = -2*z. What is the tens digit of b?
1
Let g(r) = -r**3 + 9*r**2 + 13*r - 9. Let u be -15*(-7 - -1)*(-2)/(-20). What is the tens digit of g(u)?
0
Suppose -71*u + 74*u = 6798. What is the hundreds digit of u?
2
Let p(k) = 106*k**2 + 9*k - 5. What is the units digit of p(-3)?
2
What is the hundreds digit of (-82461)/(-51) - 36/(-306)?
6
Suppose 4*t - 3*f = 10, -2*f = 7*t - 2*t - 24. Let s(c) = 2*c - 1. Let p be s(t). Let m(z) = -z**3 + 6*z**2 + 8*z - 2. What is the units digit of m(p)?
5
Let n(d) = 97*d**3 - d**2 + 7*d - 3. What is the tens digit of n(2)?
8
Let p be (1 + 0)*(-8 - -5) + 38. Let v = p - 27. What is the units digit of v?
8
Let v(u) = -4*u + 6. Let a be v(-7). Let f be (2/3)/((-8)/12). What is the units digit of 3/9*(f + a)?
1
Let n(j) = 44*j + 347. What is the tens digit of n(32)?
5
Let h = 40 - 25. Suppose h*r - 17*r = -84. What is the tens digit of r?
4
Let s be -3 - (1 + (-1)/((-2)/(-8))). Let o(v) = v**2 - v + 151. What is the tens digit of o(s)?
5
Let t be 2/6 - (-334)/6. Suppose -150 = -2*h - t. What is the units digit of h?
7
Suppose 3 = 4*i - 9. Suppose -5*g = -i*g - 66. What is the units digit of g?
3
Suppose -4*p = 3*p. Suppose x - 4*i - 56 = p, -5*i + i = 2*x - 88. Suppose -4*z - z = 4*w - 222, 2*w = -z + x. What is the units digit of z?
2
Suppose 0 = 7*b - b + 930. Let q = 330 + b. What is the units digit of q?
5
Suppose 23*a - 226 = 13482. What is the tens digit of a?
9
Suppose -3*w = 3*l - 8*l - 614, 2*w + l = 392. Suppose 2*u - 130 = -2*z + w, -2*u + 334 = 4*z. What is the tens digit of u?
6
What is the tens digit of 3/(-2 + 5) + 554?
5
Let q = 1 - 4. What is the tens digit of 1/q - (-666)/54?
1
Suppose 36*f - 18115 = 31*f. What is the tens digit of f?
2
Let o(r) = -r**2 - 5*r + 12. Let t be o(-6). Suppose t*n + 207 = 15. Let q = -10 - n. What is the tens digit of q?
2
Suppose 20 = 4*a, 0*f + 2*a + 89 = 3*f. Suppose 10*s = 303 - f. What is the units digit of s?
7
Let u = 49 + -44. What is the tens digit of 178/8 - u/(2 - -18)?
2
Let g =